{"id":1577,"date":"2026-01-11T12:39:53","date_gmt":"2026-01-11T11:39:53","guid":{"rendered":"http:\/\/spc-fundamentalaikido.fr\/?post_type=tribe_events&#038;p=1577"},"modified":"2026-01-11T13:01:44","modified_gmt":"2026-01-11T12:01:44","slug":"stage-international-ulf-evena","status":"publish","type":"tribe_events","link":"https:\/\/spc-fundamentalaikido.fr\/?tribe_events=stage-international-ulf-evena","title":{"rendered":"Stage international &#8211; ULF EVENA"},"content":{"rendered":"<div class=\"tribe-events-schedule tribe-clearfix\">\n\t<h2 class=\"tribe-events-schedule__datetime\">\n\t\t<span class=\"tribe-events-schedule__date tribe-events-schedule__date--start\">\n\t\t\t7 f\u00e9vrier 2026\t\t<\/span>\n\n\t\t\t\t\t<span class=\"tribe-events-schedule__separator tribe-events-schedule__separator--date\">\n\t\t\t\t @ \t\t\t<\/span>\n\t\t\t<span class=\"tribe-events-schedule__time tribe-events-schedule__time--start\">\n\t\t\t\t10h00\t\t\t<\/span>\n\t\t\n\t\t\t\t\t\t\t\t\t<span class=\"tribe-events-schedule__separator tribe-events-schedule__separator--time\">\n\t\t\t\t\t &#8211; \t\t\t\t<\/span>\n\t\t\t\n\t\t\t\t\t\t\t<span class=\"tribe-events-schedule__date tribe-events-schedule__date--end\">\n\t\t\t\t\t8 f\u00e9vrier 2026\t\t\t\t<\/span>\n\n\t\t\t\t\t\t\t\t\t<span class=\"tribe-events-schedule__separator tribe-events-schedule__separator--date\">\n\t\t\t\t\t\t @ \t\t\t\t\t<\/span>\n\t\t\t\t\t<span class=\"tribe-events-schedule__time tribe-events-schedule__time--end\">\n\t\t\t\t\t\t16h00\t\t\t\t\t<\/span>\n\t\t\t\t\n\t\t\t\n\t\t\t\t\t\t<\/h2>\n<\/div>\n\n\n\n<p>Ulf Evenas est Shihan 8e dan de l&rsquo;Aikikai. Il est l&rsquo;un des instructeurs d&rsquo;Aikido les plus grad\u00e9s et les plus exp\u00e9riment\u00e9s au monde, ayant anim\u00e9 plus de 800 stages \u00e0 travers le monde. Ulf-sensei a commenc\u00e9 la pratique de l&rsquo;Aikido en 1968 et celle de l&rsquo;Iwama Takemusu Aikido un an plus tard. En 1973, il est devenu l&rsquo;un des premiers uchideshi de longue dur\u00e9e aupr\u00e8s de Morihiro Saito Shihan, passant six mois \u00e0 iwama. Il y est retourn\u00e9 pour une p\u00e9riode prolong\u00e9e en 1977 et y est ensuite revenu r\u00e9guli\u00e8rement pour des s\u00e9jours plus ou moins longs en tant qu&rsquo;uchideshi.<\/p>\n\n\n\n<p>Pendant 29 ans, il a \u00e9t\u00e9 l&rsquo;un des \u00e9l\u00e8ves les plus proches de Morihiro Saito Sensei. En 1992, il a \u00e9t\u00e9 nomm\u00e9 Shihan en Iwama Takemusu Aikido et repr\u00e9sentant personnel de Saito Sensei. En 2001, il a \u00e9t\u00e9 promu 7e dan en Iwama Takemusu Aikido. Il a \u00e9galement re\u00e7u la certification compl\u00e8te d&rsquo;enseignement en Bukiwaza (5e niveau Mokuroku), d\u00e9cern\u00e9e directement par Morihiro Saito Shihan. En 2007, Ulf-sensei a \u00e9t\u00e9 nomm\u00e9 Shihan de l&rsquo;Aikikai directement par le Doshu Moriteru Ueshiba et en 2025, il a \u00e9t\u00e9 promu 8e dan Aikikai. <\/p>\n\n\n\n<p>La F\u00e9d\u00e9ration Internationale d&rsquo;Aikido (IAF) confie \u00e0 Ulf-sensei l&rsquo;enseignement et les d\u00e9monstrations lors d&rsquo;\u00e9v\u00e9nements majeurs, tels que les Jeux Mondiaux des Sports de Combat et les Congr\u00e8s de l&rsquo;IAF. En octobre 2024, il \u00e9tait l&rsquo;un des quatre enseignants occidentaux pr\u00e9sents au Sommet de l&rsquo;IAF \u00e0 Tokyo. <\/p>\n\n\n\n<h2>Programme<\/h2>\n\n\n\n<h3>Samedi<\/h3>\n\n\n\n<ul><li>9h45-10h : pr\u00e9sentation<\/li><li>10h-11h: Aiki-ken (sabre)<\/li><li>11h15-12h15: Tai Jutsu (mains nues)<\/li><li>15h30-16h30: Aiki-Jo (b\u00e2ton)<\/li><li>16h45-17h45: Tai Jutsu (mains nues)<\/li><li>19:30 Repas (informations \u00e0 venir)<\/li><\/ul>\n\n\n\n<h3>Dimanche<\/h3>\n\n\n\n<ul><li>9:30-10:30 Bukiwaza (armes)<\/li><li>10:45-11:45 Tai jutsu (mains nues)<\/li><li>13:30-14:30 Bukiwaza (armes)14:45-15:45 TaiJutsu (mains nues) <\/li><\/ul>\n\n\n\n<h2>Tarifs<\/h2>\n\n\n\n<ul><li>\u00bd journ\u00e9e\/Half-day 30\u20ac<\/li><li>1 journ\u00e9e\/Full-Day 60\u20ac<\/li><li>Stage complet\/Full Seminar 100\u20ac<\/li><li>Inscription sur <a href=\"https:\/\/www.helloasso.com\/associations\/iwama-takemusu-aikido-fondamental-aiki-dojo-iwama-koryu-kawasemi-juku\/evenements\/registration-for-ulf-evanas-shihan-seminar\" target=\"_blank\" rel=\"noreferrer noopener\">HelloAsso<\/a>  <\/li><\/ul>\n\n\n\n<h2>Lieu<\/h2>\n\n\n\n<p>Dojo de Retiers<br>Complexe Sportif Pierre de Coubertin<br>Rue Anatole le Braz (parking du coll\u00e8ge)<br>35240 Retiers; Bretagne, France<br><\/p>\n\n\n\n\n<div class=\"tribe-block tribe-block__venue tribe-block__venue--has-map\">\n\t\n\t\n<div class=\"tribe-block__venue__meta\">\n\t<div class=\"tribe-block__venue__name\">\n\t\t<h3>Complexe Sportif Pierre de Coubertin<\/h3>\n\t<\/div>\n\n\t\n\t\t\t<address class=\"tribe-block__venue__address\">\n\t\t\t<span class=\"tribe-address\">\n\n<span class=\"tribe-street-address\">Rue Anatole le Braz (parking du coll\u00e8ge)<\/span>\n\t\n\t\t<br>\n\t\t<span class=\"tribe-locality\">35240<\/span><span class=\"tribe-delimiter\">,<\/span>\n\n\n\t<span class=\"tribe-postal-code\">35240<\/span>\n\n\t<span class=\"tribe-country-name\">France<\/span>\n\n<\/span>\n\n\t\t\t\t\t\t\t<a class=\"tribe-events-gmap\" href=\"https:\/\/maps.google.com\/maps?f=q&#038;source=s_q&#038;hl=en&#038;geocode=&#038;q=Rue+Anatole+le+Braz+%28parking+du+coll%C3%A8ge%29+35240+35240+France\" title=\"Cliquez pour voir une carte Google Map\" target=\"_blank\" rel=\"noreferrer noopener\">+ Google Map<\/a>\t\t\t\t\t<\/address>\n\t\n\t\n\t\n\t<\/div>\n\t\n<div class=\"tribe-block__venue__map\">\n\t\n<iframe\n  width=\"100%\"\n  height=\"350px\"\n  frameborder=\"0\" style=\"border:0\"\n  src=\"https:\/\/www.google.com\/maps\/embed\/v1\/place?key=AIzaSyDNsicAsP6-VuGtAb1O9riI3oc_NOb7IOU&#038;q=Rue+Anatole+le+Braz+%28parking+du+coll%C3%A8ge%29+35240+35240+France+\" allowfullscreen>\n<\/iframe><\/div>\n\n\t<\/div>\n\n\n\n\n\n<figure class=\"wp-block-image size-large\"><img loading=\"lazy\" width=\"724\" height=\"1024\" src=\"https:\/\/spc-fundamentalaikido.fr\/wp-content\/uploads\/2026\/01\/1-724x1024.jpg\" alt=\"\" class=\"wp-image-1581\" srcset=\"https:\/\/spc-fundamentalaikido.fr\/wp-content\/uploads\/2026\/01\/1-724x1024.jpg 724w, https:\/\/spc-fundamentalaikido.fr\/wp-content\/uploads\/2026\/01\/1-212x300.jpg 212w, https:\/\/spc-fundamentalaikido.fr\/wp-content\/uploads\/2026\/01\/1-768x1086.jpg 768w, https:\/\/spc-fundamentalaikido.fr\/wp-content\/uploads\/2026\/01\/1-1086x1536.jpg 1086w, https:\/\/spc-fundamentalaikido.fr\/wp-content\/uploads\/2026\/01\/1.jpg 1414w\" sizes=\"(max-width: 724px) 100vw, 724px\" \/><\/figure>\n\n\n\t<div class=\"tribe-block tribe-block__events-link\">\n\t\t\t\t\t<div class=\"tribe-block__btn--link tribe-block__events-gcal\">\n\t\t\t\t<a\n\t\t\t\t\thref=\"https:\/\/www.google.com\/calendar\/event?action=TEMPLATE&#038;text=Stage+international+-+ULF+EVENA&#038;dates=20260207T100000\/20260208T160000&#038;details=+%0A+%0AUlf+Evenas+est+Shihan+8e+dan+de+l%26rsquo%3BAikikai.+Il+est+l%26rsquo%3Bun+des+instructeurs+d%26rsquo%3BAikido+les+plus+grad%C3%A9s+et+les+plus+exp%C3%A9riment%C3%A9s+au+monde%2C+ayant+anim%C3%A9+plus+de+800+stages+%C3%A0+travers+le+monde.+Ulf-sensei+a+commenc%C3%A9+la+pratique+de+l%26rsquo%3BAikido+en+1968+et+celle+de+l%26rsquo%3BIwama+Takemusu+Aikido+un+an+plus+tard.+En+1973%2C+il+est+devenu+l%26rsquo%3Bun+des+premiers+uchideshi+de+longue+dur%C3%A9e+aupr%C3%A8s+de+Morihiro+Saito+Shihan%2C+passant+six+mois+%C3%A0+iwama.+Il+y+est+retourn%C3%A9+pour+une+p%C3%A9riode+prolong%C3%A9e+en+1977+et+y+est+ensuite+revenu+r%C3%A9guli%C3%A8rement+pour+des+s%C3%A9jours+plus+ou+moins+longs+en+tant+qu%26rsquo%3Buchideshi.+%0A+%0A+%0APendant+29+ans%2C+il+a+%C3%A9t%C3%A9+l%26rsquo%3Bun+des+%C3%A9l%C3%A8ves+les+plus+proches+de+Morihiro+Saito+Sensei.+En+1992%2C+il+a+%C3%A9t%C3%A9+nomm%C3%A9+Shihan+en+Iwama+Takemusu+Aikido+et+repr%C3%A9sentant+personnel+de+Saito+Sensei.+En+2001%2C+il+a+%C3%A9t%C3%A9+promu+7e+dan+en+Iwama+Takemusu+Aikido.+Il+a+%C3%A9galement+re%C3%A7u+la+certification+compl%C3%A8te+d%26rsquo%3Benseignement+en+Bukiwaza+%285e+niveau+Mokuroku%29%2C+d%C3%A9c+%28Voir+toute+la+description+de+%C3%A9v%C3%A8nement+ici%C2%A0%3A+https%3A%2F%2Fspc-fundamentalaikido.fr%2F%3Ftribe_events%3Dstage-international-ulf-evena%29&#038;location=Complexe+Sportif+Pierre+de+Coubertin%2C+Rue+Anatole+le+Braz+%28parking+du+coll%C3%A8ge%29%2C+35240%2C+35240%2C+France&#038;trp=false&#038;sprop=website:https:\/\/spc-fundamentalaikido.fr&#038;ctz=Europe%2FParis\"\n\t\t\t\t\ttitle=\"Ajouter \u00e0 Google Agenda\"\n\t\t\t\t>\n\t\t\t\t\t<img src=\"https:\/\/spc-fundamentalaikido.fr\/wp-content\/plugins\/the-events-calendar\/common\/src\/modules\/icons\/link.svg\" \/>\n\t\t\t\t\tGoogle Agenda\t\t\t\t<\/a>\n\t\t\t<\/div>\n\t\t\t\t\t\t\t<div class=\"tribe-block__btn--link tribe-block__-events-ical\">\n\t\t\t\t<a\n\t\t\t\t\thref=\"https:\/\/spc-fundamentalaikido.fr\/?tribe_events=stage-international-ulf-evena&#038;ical=1\"\n\t\t\t\t\ttitle=\"T\u00e9l\u00e9charger le fichier .ics\"\n\t\t\t\t>\n\t\t\t\t\t<img src=\"https:\/\/spc-fundamentalaikido.fr\/wp-content\/plugins\/the-events-calendar\/common\/src\/modules\/icons\/link.svg\" \/>\n\t\t\t\t\tExporter vers iCal\t\t\t\t<\/a>\n\t\t\t<\/div>\n\t\t\t<\/div>\n\n\n\n\n<p><\/p>\n","protected":false},"excerpt":{"rendered":"<p>Ulf Evenas est Shihan 8e dan de l&rsquo;Aikikai. Il est l&rsquo;un des instructeurs d&rsquo;Aikido les plus grad\u00e9s et les plus exp\u00e9riment\u00e9s au monde, ayant anim\u00e9 plus de 800 stages \u00e0&hellip;<\/p>\n","protected":false},"author":3,"featured_media":0,"comment_status":"open","ping_status":"closed","template":"","meta":{"_EventAllDay":false,"_EventTimezone":"Europe\/Paris","_EventStartDate":"2026-02-07 10:00:00","_EventEndDate":"2026-02-08 16:00:00","_EventStartDateUTC":"2026-02-07 09:00:00","_EventEndDateUTC":"2026-02-08 15:00:00","_EventShowMap":true,"_EventShowMapLink":true,"_EventURL":"","_EventCost":"100","_EventCostDescription":"","_EventCurrencySymbol":"\u20ac","_EventCurrencyPosition":"suffix","_EventDateTimeSeparator":" @ ","_EventTimeRangeSeparator":" - ","_EventOrganizerID":[],"_EventVenueID":1579,"_OrganizerEmail":"","_OrganizerPhone":"","_OrganizerWebsite":"","_VenueAddress":"","_VenueCity":"","_VenueCountry":"","_VenueProvince":"","_VenueZip":"","_VenuePhone":"","_VenueURL":"","_VenueStateProvince":"","_VenueLat":"","_VenueLng":""},"tags":[9],"tribe_events_cat":[14],"_links":{"self":[{"href":"https:\/\/spc-fundamentalaikido.fr\/index.php?rest_route=\/wp\/v2\/tribe_events\/1577"}],"collection":[{"href":"https:\/\/spc-fundamentalaikido.fr\/index.php?rest_route=\/wp\/v2\/tribe_events"}],"about":[{"href":"https:\/\/spc-fundamentalaikido.fr\/index.php?rest_route=\/wp\/v2\/types\/tribe_events"}],"author":[{"embeddable":true,"href":"https:\/\/spc-fundamentalaikido.fr\/index.php?rest_route=\/wp\/v2\/users\/3"}],"replies":[{"embeddable":true,"href":"https:\/\/spc-fundamentalaikido.fr\/index.php?rest_route=%2Fwp%2Fv2%2Fcomments&post=1577"}],"version-history":[{"count":4,"href":"https:\/\/spc-fundamentalaikido.fr\/index.php?rest_route=\/wp\/v2\/tribe_events\/1577\/revisions"}],"predecessor-version":[{"id":1584,"href":"https:\/\/spc-fundamentalaikido.fr\/index.php?rest_route=\/wp\/v2\/tribe_events\/1577\/revisions\/1584"}],"wp:attachment":[{"href":"https:\/\/spc-fundamentalaikido.fr\/index.php?rest_route=%2Fwp%2Fv2%2Fmedia&parent=1577"}],"wp:term":[{"taxonomy":"post_tag","embeddable":true,"href":"https:\/\/spc-fundamentalaikido.fr\/index.php?rest_route=%2Fwp%2Fv2%2Ftags&post=1577"},{"taxonomy":"tribe_events_cat","embeddable":true,"href":"https:\/\/spc-fundamentalaikido.fr\/index.php?rest_route=%2Fwp%2Fv2%2Ftribe_events_cat&post=1577"}],"curies":[{"name":"wp","href":"https:\/\/api.w.org\/{rel}","templated":true}]}}

<div class="tribe-events-schedule tribe-clearfix">
	<h2 class="tribe-events-schedule__datetime">
		<span class="tribe-events-schedule__date tribe-events-schedule__date--start">
			7 février 2026		</span>

					<span class="tribe-events-schedule__separator tribe-events-schedule__separator--date">
				 @ 			</span>
			<span class="tribe-events-schedule__time tribe-events-schedule__time--start">
				10h00			</span>
		
									<span class="tribe-events-schedule__separator tribe-events-schedule__separator--time">
					 &#8211; 				</span>
			
							<span class="tribe-events-schedule__date tribe-events-schedule__date--end">
					8 février 2026				</span>

									<span class="tribe-events-schedule__separator tribe-events-schedule__separator--date">
						 @ 					</span>
					<span class="tribe-events-schedule__time tribe-events-schedule__time--end">
						16h00					</span>
				
			
						</h2>
</div>



<p>Ulf Evenas est Shihan 8e dan de l&rsquo;Aikikai. Il est l&rsquo;un des instructeurs d&rsquo;Aikido les plus gradés et les plus expérimentés au monde, ayant animé plus de 800 stages à travers le monde. Ulf-sensei a commencé la pratique de l&rsquo;Aikido en 1968 et celle de l&rsquo;Iwama Takemusu Aikido un an plus tard. En 1973, il est devenu l&rsquo;un des premiers uchideshi de longue durée auprès de Morihiro Saito Shihan, passant six mois à iwama. Il y est retourné pour une période prolongée en 1977 et y est ensuite revenu régulièrement pour des séjours plus ou moins longs en tant qu&rsquo;uchideshi.</p>



<p>Pendant 29 ans, il a été l&rsquo;un des élèves les plus proches de Morihiro Saito Sensei. En 1992, il a été nommé Shihan en Iwama Takemusu Aikido et représentant personnel de Saito Sensei. En 2001, il a été promu 7e dan en Iwama Takemusu Aikido. Il a également reçu la certification complète d&rsquo;enseignement en Bukiwaza (5e niveau Mokuroku), décernée directement par Morihiro Saito Shihan. En 2007, Ulf-sensei a été nommé Shihan de l&rsquo;Aikikai directement par le Doshu Moriteru Ueshiba et en 2025, il a été promu 8e dan Aikikai. </p>



<p>La Fédération Internationale d&rsquo;Aikido (IAF) confie à Ulf-sensei l&rsquo;enseignement et les démonstrations lors d&rsquo;événements majeurs, tels que les Jeux Mondiaux des Sports de Combat et les Congrès de l&rsquo;IAF. En octobre 2024, il était l&rsquo;un des quatre enseignants occidentaux présents au Sommet de l&rsquo;IAF à Tokyo. </p>



<h2>Programme</h2>



<h3>Samedi</h3>



<ul><li>9h45-10h : présentation</li><li>10h-11h: Aiki-ken (sabre)</li><li>11h15-12h15: Tai Jutsu (mains nues)</li><li>15h30-16h30: Aiki-Jo (bâton)</li><li>16h45-17h45: Tai Jutsu (mains nues)</li><li>19:30 Repas (informations à venir)</li></ul>



<h3>Dimanche</h3>



<ul><li>9:30-10:30 Bukiwaza (armes)</li><li>10:45-11:45 Tai jutsu (mains nues)</li><li>13:30-14:30 Bukiwaza (armes)14:45-15:45 TaiJutsu (mains nues) </li></ul>



<h2>Tarifs</h2>



<ul><li>½ journée/Half-day 30€</li><li>1 journée/Full-Day 60€</li><li>Stage complet/Full Seminar 100€</li><li>Inscription sur <a href="https://www.helloasso.com/associations/iwama-takemusu-aikido-fondamental-aiki-dojo-iwama-koryu-kawasemi-juku/evenements/registration-for-ulf-evanas-shihan-seminar" target="_blank" rel="noreferrer noopener">HelloAsso</a>  </li></ul>



<h2>Lieu</h2>



<p>Dojo de Retiers<br>Complexe Sportif Pierre de Coubertin<br>Rue Anatole le Braz (parking du collège)<br>35240 Retiers; Bretagne, France<br></p>




<div class="tribe-block tribe-block__venue tribe-block__venue--has-map">
	
	
<div class="tribe-block__venue__meta">
	<div class="tribe-block__venue__name">
		<h3>Complexe Sportif Pierre de Coubertin</h3>
	</div>

	
			<address class="tribe-block__venue__address">
			<span class="tribe-address">

<span class="tribe-street-address">Rue Anatole le Braz (parking du collège)</span>
	
		<br>
		<span class="tribe-locality">35240</span><span class="tribe-delimiter">,</span>


	<span class="tribe-postal-code">35240</span>

	<span class="tribe-country-name">France</span>

</span>

							<a class="tribe-events-gmap" href="https://maps.google.com/maps?f=q&#038;source=s_q&#038;hl=en&#038;geocode=&#038;q=Rue+Anatole+le+Braz+%28parking+du+coll%C3%A8ge%29+35240+35240+France" title="Cliquez pour voir une carte Google Map" target="_blank" rel="noreferrer noopener">+ Google Map</a>					</address>
	
	
	
	</div>
	
<div class="tribe-block__venue__map">
	
<iframe
  width="100%"
  height="350px"
  frameborder="0" style="border:0"
  src="https://www.google.com/maps/embed/v1/place?key=AIzaSyDNsicAsP6-VuGtAb1O9riI3oc_NOb7IOU&#038;q=Rue+Anatole+le+Braz+%28parking+du+coll%C3%A8ge%29+35240+35240+France+" allowfullscreen>
</iframe></div>

	</div>





<figure class="wp-block-image size-large"><img loading="lazy" width="724" height="1024" src="https://spc-fundamentalaikido.fr/wp-content/uploads/2026/01/1-724x1024.jpg" alt="" class="wp-image-1581" srcset="https://spc-fundamentalaikido.fr/wp-content/uploads/2026/01/1-724x1024.jpg 724w, https://spc-fundamentalaikido.fr/wp-content/uploads/2026/01/1-212x300.jpg 212w, https://spc-fundamentalaikido.fr/wp-content/uploads/2026/01/1-768x1086.jpg 768w, https://spc-fundamentalaikido.fr/wp-content/uploads/2026/01/1-1086x1536.jpg 1086w, https://spc-fundamentalaikido.fr/wp-content/uploads/2026/01/1.jpg 1414w" sizes="(max-width: 724px) 100vw, 724px" /></figure>


	<div class="tribe-block tribe-block__events-link">
					<div class="tribe-block__btn--link tribe-block__events-gcal">
				<a
					href="https://www.google.com/calendar/event?action=TEMPLATE&#038;text=Stage+international+-+ULF+EVENA&#038;dates=20260207T100000/20260208T160000&#038;details=+%0A+%0AUlf+Evenas+est+Shihan+8e+dan+de+l%26rsquo%3BAikikai.+Il+est+l%26rsquo%3Bun+des+instructeurs+d%26rsquo%3BAikido+les+plus+grad%C3%A9s+et+les+plus+exp%C3%A9riment%C3%A9s+au+monde%2C+ayant+anim%C3%A9+plus+de+800+stages+%C3%A0+travers+le+monde.+Ulf-sensei+a+commenc%C3%A9+la+pratique+de+l%26rsquo%3BAikido+en+1968+et+celle+de+l%26rsquo%3BIwama+Takemusu+Aikido+un+an+plus+tard.+En+1973%2C+il+est+devenu+l%26rsquo%3Bun+des+premiers+uchideshi+de+longue+dur%C3%A9e+aupr%C3%A8s+de+Morihiro+Saito+Shihan%2C+passant+six+mois+%C3%A0+iwama.+Il+y+est+retourn%C3%A9+pour+une+p%C3%A9riode+prolong%C3%A9e+en+1977+et+y+est+ensuite+revenu+r%C3%A9guli%C3%A8rement+pour+des+s%C3%A9jours+plus+ou+moins+longs+en+tant+qu%26rsquo%3Buchideshi.+%0A+%0A+%0APendant+29+ans%2C+il+a+%C3%A9t%C3%A9+l%26rsquo%3Bun+des+%C3%A9l%C3%A8ves+les+plus+proches+de+Morihiro+Saito+Sensei.+En+1992%2C+il+a+%C3%A9t%C3%A9+nomm%C3%A9+Shihan+en+Iwama+Takemusu+Aikido+et+repr%C3%A9sentant+personnel+de+Saito+Sensei.+En+2001%2C+il+a+%C3%A9t%C3%A9+promu+7e+dan+en+Iwama+Takemusu+Aikido.+Il+a+%C3%A9galement+re%C3%A7u+la+certification+compl%C3%A8te+d%26rsquo%3Benseignement+en+Bukiwaza+%285e+niveau+Mokuroku%29%2C+d%C3%A9c+%28Voir+toute+la+description+de+%C3%A9v%C3%A8nement+ici%C2%A0%3A+https%3A%2F%2Fspc-fundamentalaikido.fr%2F%3Ftribe_events%3Dstage-international-ulf-evena%29&#038;location=Complexe+Sportif+Pierre+de+Coubertin%2C+Rue+Anatole+le+Braz+%28parking+du+coll%C3%A8ge%29%2C+35240%2C+35240%2C+France&#038;trp=false&#038;sprop=website:https://spc-fundamentalaikido.fr&#038;ctz=Europe%2FParis"
					title="Ajouter à Google Agenda"
				>
					<img src="https://spc-fundamentalaikido.fr/wp-content/plugins/the-events-calendar/common/src/modules/icons/link.svg" />
					Google Agenda				</a>
			</div>
							<div class="tribe-block__btn--link tribe-block__-events-ical">
				<a
					href="https://spc-fundamentalaikido.fr/?tribe_events=stage-international-ulf-evena&#038;ical=1"
					title="Télécharger le fichier .ics"
				>
					<img src="https://spc-fundamentalaikido.fr/wp-content/plugins/the-events-calendar/common/src/modules/icons/link.svg" />
					Exporter vers iCal				</a>
			</div>
			</div>




<p></p>

<p>Ulf Evenas est Shihan 8e dan de l&rsquo;Aikikai. Il est l&rsquo;un des instructeurs d&rsquo;Aikido les plus gradés et les plus expérimentés au monde, ayant animé plus de 800 stages à&hellip;</p>
